(-14) - (-6)/(-21)?
7
Let w(r) = r**3 + 10*r**2 + 5*r - 6. Let d be w(-8). Suppose d + 58 = 5*j. What are the prime factors of j?
2, 7
Suppose 6*k - 2*k - 260 = 0. Suppose k = 3*p - 7. List the prime factors of p.
2, 3
Suppose 3*b - b = 10. Suppose -b*o = -8*o + 177. What are the prime factors of o?
59
Suppose 2*t - 3*t + 183 = w, -3*t = 3. What are the prime factors of w?
2, 23
Let w(g) = g**2 + g + 2. Let m(q) = -q**2 + 6*q - 4. Let v be m(5). Let d = 2 + v. What are the prime factors of w(d)?
2, 7
Suppose o - 4*x = -3*x + 5, -5 = -3*o + x. Suppose -5*r + 8*r = o. Suppose 0 = k + 5*j + 5, r = 4*k - 2*j - j - 72. What are the prime factors of k?
3, 5
Suppose -7*q + 326 - 60 = 0. What are the prime factors of q?
2, 19
Let a(q) = 3*q**2 + 6*q + 12. What are the prime factors of a(6)?
2, 3, 13
Suppose 4*g + l = 4*l + 147, 140 = 5*g + 5*l. What are the prime factors of g?
3, 11
Let m(u) = 7*u**2 + 3*u + 1. List the prime factors of m(5).
191
List the prime factors of (-1139)/(-4) + 2 + (-28)/16.
3, 5, 19
Let w(c) = c**3 - 2*c**2 + c - 1. Suppose 2*j - 2 = j. Let v be w(j). List the prime factors of v/(-2 - 10/(-4)).
2
What are the prime factors of (-1560)/(-50) + (-1)/5?
31
Suppose 4*j + 38 = 342. Let i = -45 + j. What are the prime factors of i?
31
Let v(k) = -k**2 - 11*k + 1. What are the prime factors of v(-9)?
19
Let g(k) = 8*k - 2 + 3 + 3*k**2 + 3*k**2 + 2 - k**3. List the prime factors of g(7).
2, 5
Let q(i) = -i + 1. What are the prime factors of q(-13)?
2, 7
Let s(j) = j**3 - 2*j. Let p be s(2). Suppose -p*q + 54 = -78. List the prime factors of q.
3, 11
Let k(f) = -f**3 - 3*f**2 + 6*f + 6. Let a be k(-4). What are the prime factors of (1 - 0)*(-26)/a?
13
Suppose 0*h - h = -45. Suppose -h = -7*j + 2*j. List the prime factors of j.
3
Suppose -a + 38 = -2*n + 6*n, 3*n = 5*a - 75. List the prime factors of a.
2, 3
Let s(j) = j**3 + 10*j**2 - 12*j + 10. Let u be s(-11). Suppose -11 - u = 4*i. What are the prime factors of (i/(-6) - 1)*12?
2
Let s = -6 - -8. Suppose -3*y - q + 31 = 0, 4*y - 50 = 4*q + s. What are the prime factors of y?
11
Let v(c) = -2*c + 2. Let s be v(2). Suppose -3 = -3*m + 4*r + 5, 3*m = 3*r + 9. Let u = s + m. What are the prime factors of u?
2
Suppose 0 = -2*n - 3*n + 25. Suppose -2*m - s - 2 = -0*m, -n*s = 10. Suppose 0 = -p - m*p + 12. List the prime factors of p.
2, 3
Suppose -2*m = -5*a + 51, 2*a + a - 39 = -3*m. What are the prime factors of a?
11
Let i(z) = -z**3 + 3*z**2 + 3*z - 3. Let u be (-4)/16 - (-26)/8. List the prime factors of i(u).
2, 3
Suppose -5*r + 7 = 2. Let h be (-4)/r*(-1)/1. Suppose -3*v - 2*v + 5*w + 60 = 0, 4*v + h*w = 8. List the prime factors of v.
7
Let h(m) = m - 3. Let t be h(7). Suppose -t*s = -1 - 7. List the prime factors of s.
2
Let d(k) = 2*k**3 - 3*k**2 + 2*k - 2. Let f be d(2). Suppose -6 = -j + f. List the prime factors of j.
2, 3
Suppose 0 = 2*u - 3*v - 19, -16 - 10 = -2*u - 4*v. List the prime factors of u.
11
Suppose -6*p + 1710 = 4*p. What are the prime factors of p?
3, 19
Let n be (0 - 17/3)*-3. Let t = -14 + n. What are the prime factors of t?
3
Let x be 4 + 0/(0 - 2). Suppose 3 = -u + 5. Suppose -x*n + 6 = -u*n. What are the prime factors of n?
3
Let g(f) = f - 1. Let d be g(2). Let q be 1/(1 + 0)*d. What are the prime factors of q/(2*1/10)?
5
Let x(g) = g**2 + g + 12. Let l be 4/(-2) - (5 + -7). What are the prime factors of x(l)?
2, 3
Suppose -5*j + 14 = -2*d + 59, j = 3*d - 48. What are the prime factors of d?
3, 5
Let i be ((-2)/(-4))/(1/24). Suppose 0 = 2*o + 5*h + 30 + 7, 0 = 4*o - 3*h + 9. Let p = o + i. List the prime factors of p.
2, 3
Suppose -6 = -4*c + 6. Suppose -5 - 5 = -5*x. What are the prime factors of x*1/c*3?
2
Let g be (-4)/22 - 46/(-11). Suppose 11 = k + 3*w, 5*k - g*w = 51 + 23. List the prime factors of k.
2, 7
Let z = -5 - -22. Let w = 28 - z. What are the prime factors of w?
11
Suppose -a = a - 8. Let o be (-2)/(-3)*(1 + 17). Suppose a*d = 2*d + o. What are the prime factors of d?
2, 3
Let z(f) = -f**3 + 2*f**3 + 1 + 3 - f**2. Let b be z(0). Suppose 2*l - 7 = -5*m - 3, -2 = 5*m + b*l. What are the prime factors of m?
2
Let p(t) = -t**2 + 15*t + 14. List the prime factors of p(12).
2, 5
Suppose 4*s = 2*a + 14, 0*s + 2*s = 3*a + 1. Suppose 5*g + x = -a*x + 19, -x = 2*g - 7. Suppose -g*y = -19 - 8. What are the prime factors of y?
3
Let p = -9 + 32. Let b = p + -8. What are the prime factors of b?
3, 5
Let d(m) be the first derivative of -m**4/4 - 10*m**3/3 + 15*m**2/2 - 14*m - 3. Let y be d(-12). List the prime factors of y/12 - (-2)/12.
2
Suppose 0 = -4*q + 251 + 25. Suppose q = 5*m - 91. What are the prime factors of m?
2
Suppose 15 = 4*m - 25. Suppose 0 = -5*v - 4*l + 2 - 0, -v - 8 = 5*l. Let h = m + v. List the prime factors of h.
2, 3
Suppose -2*n = 4*t + 28, -5*n - 55 = 2*t + 3*t. Let v = -2 - n. List the prime factors of ((-27)/v)/(1/(-2)).
3
Let r(m) be the first derivative of -m**2 - 3*m - 1. What are the prime factors of r(-12)?
3, 7
Let z(v) = v**3 - 5*v**2. Let d be z(5). Let m = 0 - d. Suppose m = g - 0*g - 7. List the prime factors of g.
7
Suppose 3*k - 2 = -8. Let j be (-1 - k)/(2/10). Suppose 0 = -2*g + 5 + j. What are the prime factors of g?
5
Let s = 2 + 35. What are the prime factors of s?
37
Suppose -f - 2*w - 13 = 0, 0 = -2*f - 3*w + 2*w - 20. Let r(n) = -n**3 - 12*n**2 + 14*n + 14. Let z be r(-13). List the prime factors of (z + 0)/((-3)/f).
3
Suppose 4*h - 5*s = 324, -h = -s - 10 - 71. What are the prime factors of h?
3
Suppose -5*n + 264 = 3*s, -64 - 34 = -s - 5*n. List the prime factors of s.
83
Let t be 4/(-10) + (-174)/15. List the prime factors of (-66)/(-4) - 6/t.
17
Let z = 222 + -115. List the prime factors of z.
107
Let w(t) = -t**2 - 22*t - 45. List the prime factors of w(-15).
2, 3, 5
Let b(s) = 4*s - 16. Let r be b(13). Suppose 4*g + 0*g + 5*h = 13, -3*g = -5*h - r. What are the prime factors of g?
7
Suppose -9*v + 13*v - 84 = 0. What are the prime factors of v?
3, 7
Suppose 0 = -4*k + 378 + 38. What are the prime factors of k?
2, 13
Suppose -7*o + 6*o - 3*j + 245 = 0, -4*o = -5*j - 1048. List the prime factors of o.
257
Suppose 9*i + 82 = 1162. What are the prime factors of i?
2, 3, 5
Let m(b) = b**3 - 3*b**2 - 3*b. Let h be m(4). Suppose 4*k - 5*j = 122, 5*k - 150 = j + h*j. What are the prime factors of k?
2, 7
List the prime factors of 102/13 - 10/(-65).
2
Let q be (-56)/(-21)*(-6)/(-8). List the prime factors of q - -2*(-22)/(-4).
13
Let n(w) = -13*w + 2. Let o be n(-4). Suppose 5*r = j + j + 55, -3*r = 3*j - o. What are the prime factors of r?
13
Let g = 16 + -11. Let l = 11 - g. List the prime factors of l.
2, 3
Let q(h) = -h - 4. Let t be q(-4). Suppose 2*l + 0 - 10 = t. What are the prime factors of l?
5
Let s(a) = -4*a - 4. Let w be s(-5). Suppose -3*h + 3*g = -6, 2*h + 0*g - w = -4*g. Suppose -5 - 3 = -h*i. List the prime factors of i.
2
Let g = -11 + 16. Suppose 4*x + 0*j - j = 88, -113 = -g*x + 2*j. List the prime factors of x.
3, 7
Let u(c) = -c**3 + 8*c**2 - 6*c - 4. Let q be u(8). Let m = q - -95. What are the prime factors of m?
43
Suppose p = -p - 168. Let i = -58 - p. List the prime factors of i.
2, 13
Suppose -474 = -2*d + 3*d. Let f = d - 190. List the prime factors of f/(-40) - (-3)/(-5).
2
Let v be 4 - (-4 + 5) - 3. Let r(s) = -s**2 + 30. List the prime factors of r(v).
2, 3, 5
Let k(y) = -y**2 - 2*y - 4. Let i be k(-3). Let o(g) = -g**2 - 9*g - 5. What are the prime factors of o(i)?
3
Let w(m) = m**3 + 6*m**2 + 5*m + 2. What are the prime factors of w(-4)?
2, 7
Suppose -4*k + 9 = -5*x, -1 = 5*k - 6. What are the prime factors of 7*(3 + -2) - x?
2
Let a be (2 + 1)/(-1 - -2). Suppose -p - 10 = p, 5*z - 35 = -a*p. What are the prime factors of z?
2, 5
Let h(l) = -l**3 - 18*l**2 - 7*l + 34. List the prime factors of h(-18).
2, 5
Let o be (-15)/(-2)*(-4)/(-6). Suppose 0 = o*v - 0*v - 85. List the prime factors of v.
17
Suppose 2*i - 4*p = 122, 7*i - 198 = 4*i + 3*p. List the prime factors of i.
71
Suppose 0 = w + w. Suppose w = 5*b + 3*u - 4, 2*u + 6 = -3*b + 4*b. Suppose -b*q = 3*q - 45. List the prime factors of q.
3
Suppose 0 = 4*t + 4*r - 116, 2*r + 14 = 2*t - 56. Suppose 3*y + y = t. Suppose -2*p + y = 0, 2*l + 2*p = -3*l + 58. What are the prime factors of l?
2, 5
Let v(x) = x + 16. What a